{"id":1744,"date":"2023-04-07T14:07:31","date_gmt":"2023-04-07T14:07:31","guid":{"rendered":"https:\/\/viktorvonm.com\/?page_id=1744"},"modified":"2023-04-07T14:08:14","modified_gmt":"2023-04-07T14:08:14","slug":"morrigan","status":"publish","type":"page","link":"https:\/\/viktorvonm.com\/index.php\/gallery\/morrigan\/","title":{"rendered":"Morrigan"},"content":{"rendered":"\n<blockquote class=\"wp-block-quote is-layout-flow wp-block-quote-is-layout-flow\">\n<p>\u201cI will attack thee,\u201d said she, \u201cin the shape of a hornless red heifer at the head of the cattle, so that they will overwhelm thee on the waters and fords and pools and thou wilt not see me before thee.\u201d<\/p>\n<cite>Morrigan to Cuchulain &#8211; T\u00e1in B\u00f3 C\u00faailnge<\/cite><\/blockquote>\n\n\n\n<p>Morrigan is a bust from <a href=\"https:\/\/bigchildcreatives.com\/\" data-type=\"URL\" data-id=\"https:\/\/bigchildcreatives.com\/\" target=\"_blank\" rel=\"noreferrer noopener\">Big Child Creatives<\/a><\/p>\n\n\n<div class='pinhole-gallery pinhole-grid pinhole-popup items-hidden  clearfix row'><div class='pinhole-item col-xs-12 col-lg-4 col-md-4 col-sm-6  '><a class=\"item-link\" href=\"https:\/\/viktorvonm.com\/wp-content\/uploads\/2023\/04\/Morriganrw-09.jpg\" data-caption=\"[]\" data-meta=\"{&quot;f\\\/6.3&quot;:&quot;Aperture: f\\\/6.3&quot;,&quot;Canon EOS 450D&quot;:&quot;Camera: Canon EOS 450D&quot;,&quot;105mm&quot;:&quot;Focal length: 105mm&quot;,&quot;1\\\/4s&quot;:&quot;Shutter speed: 1\\\/4s&quot;}\"  data-size=\"{&quot;width&quot;:1500,&quot;height&quot;:1000}\" data-download=\"[]\" data-filename=\"{&quot;name&quot;:&quot;&quot;}\"><img loading=\"lazy\" decoding=\"async\" width=\"378\" height=\"378\" src=\"https:\/\/viktorvonm.com\/wp-content\/uploads\/2023\/04\/Morriganrw-09-378x378.jpg\" class=\"attachment-pinhole-col-3-square size-pinhole-col-3-square\" alt=\"\" srcset=\"https:\/\/viktorvonm.com\/wp-content\/uploads\/2023\/04\/Morriganrw-09-378x378.jpg 378w, https:\/\/viktorvonm.com\/wp-content\/uploads\/2023\/04\/Morriganrw-09-150x150.jpg 150w, https:\/\/viktorvonm.com\/wp-content\/uploads\/2023\/04\/Morriganrw-09-582x582.jpg 582w, https:\/\/viktorvonm.com\/wp-content\/uploads\/2023\/04\/Morriganrw-09-276x276.jpg 276w\" sizes=\"auto, (max-width: 378px) 100vw, 378px\" \/><\/a><\/div><div class='pinhole-item col-xs-12 col-lg-4 col-md-4 col-sm-6  '><a class=\"item-link\" href=\"https:\/\/viktorvonm.com\/wp-content\/uploads\/2023\/04\/Morriganrw-02.jpg\" data-caption=\"[]\" data-meta=\"{&quot;f\\\/6.3&quot;:&quot;Aperture: f\\\/6.3&quot;,&quot;Canon EOS 450D&quot;:&quot;Camera: Canon EOS 450D&quot;,&quot;105mm&quot;:&quot;Focal length: 105mm&quot;,&quot;1\\\/4s&quot;:&quot;Shutter speed: 1\\\/4s&quot;}\"  data-size=\"{&quot;width&quot;:1500,&quot;height&quot;:1001}\" data-download=\"[]\" data-filename=\"{&quot;name&quot;:&quot;&quot;}\"><img loading=\"lazy\" decoding=\"async\" width=\"378\" height=\"378\" src=\"https:\/\/viktorvonm.com\/wp-content\/uploads\/2023\/04\/Morriganrw-02-378x378.jpg\" class=\"attachment-pinhole-col-3-square size-pinhole-col-3-square\" alt=\"\" srcset=\"https:\/\/viktorvonm.com\/wp-content\/uploads\/2023\/04\/Morriganrw-02-378x378.jpg 378w, https:\/\/viktorvonm.com\/wp-content\/uploads\/2023\/04\/Morriganrw-02-150x150.jpg 150w, https:\/\/viktorvonm.com\/wp-content\/uploads\/2023\/04\/Morriganrw-02-582x582.jpg 582w, https:\/\/viktorvonm.com\/wp-content\/uploads\/2023\/04\/Morriganrw-02-276x276.jpg 276w\" sizes=\"auto, (max-width: 378px) 100vw, 378px\" \/><\/a><\/div><div class='pinhole-item col-xs-12 col-lg-4 col-md-4 col-sm-6  '><a class=\"item-link\" href=\"https:\/\/viktorvonm.com\/wp-content\/uploads\/2023\/04\/Morriganrw-03.jpg\" data-caption=\"[]\" data-meta=\"{&quot;f\\\/6.3&quot;:&quot;Aperture: f\\\/6.3&quot;,&quot;Canon EOS 450D&quot;:&quot;Camera: Canon EOS 450D&quot;,&quot;105mm&quot;:&quot;Focal length: 105mm&quot;,&quot;1\\\/4s&quot;:&quot;Shutter speed: 1\\\/4s&quot;}\"  data-size=\"{&quot;width&quot;:1500,&quot;height&quot;:1001}\" data-download=\"[]\" data-filename=\"{&quot;name&quot;:&quot;&quot;}\"><img loading=\"lazy\" decoding=\"async\" width=\"378\" height=\"378\" src=\"https:\/\/viktorvonm.com\/wp-content\/uploads\/2023\/04\/Morriganrw-03-378x378.jpg\" class=\"attachment-pinhole-col-3-square size-pinhole-col-3-square\" alt=\"\" srcset=\"https:\/\/viktorvonm.com\/wp-content\/uploads\/2023\/04\/Morriganrw-03-378x378.jpg 378w, https:\/\/viktorvonm.com\/wp-content\/uploads\/2023\/04\/Morriganrw-03-150x150.jpg 150w, https:\/\/viktorvonm.com\/wp-content\/uploads\/2023\/04\/Morriganrw-03-582x582.jpg 582w, https:\/\/viktorvonm.com\/wp-content\/uploads\/2023\/04\/Morriganrw-03-276x276.jpg 276w\" sizes=\"auto, (max-width: 378px) 100vw, 378px\" \/><\/a><\/div><div class='pinhole-item col-xs-12 col-lg-4 col-md-4 col-sm-6  '><a class=\"item-link\" href=\"https:\/\/viktorvonm.com\/wp-content\/uploads\/2023\/04\/Morriganrw-06.jpg\" data-caption=\"[]\" data-meta=\"{&quot;f\\\/6.3&quot;:&quot;Aperture: f\\\/6.3&quot;,&quot;Canon EOS 450D&quot;:&quot;Camera: Canon EOS 450D&quot;,&quot;105mm&quot;:&quot;Focal length: 105mm&quot;,&quot;1\\\/4s&quot;:&quot;Shutter speed: 1\\\/4s&quot;}\"  data-size=\"{&quot;width&quot;:1500,&quot;height&quot;:1000}\" data-download=\"[]\" data-filename=\"{&quot;name&quot;:&quot;&quot;}\"><img loading=\"lazy\" decoding=\"async\" width=\"378\" height=\"378\" src=\"https:\/\/viktorvonm.com\/wp-content\/uploads\/2023\/04\/Morriganrw-06-378x378.jpg\" class=\"attachment-pinhole-col-3-square size-pinhole-col-3-square\" alt=\"\" srcset=\"https:\/\/viktorvonm.com\/wp-content\/uploads\/2023\/04\/Morriganrw-06-378x378.jpg 378w, https:\/\/viktorvonm.com\/wp-content\/uploads\/2023\/04\/Morriganrw-06-150x150.jpg 150w, https:\/\/viktorvonm.com\/wp-content\/uploads\/2023\/04\/Morriganrw-06-582x582.jpg 582w, https:\/\/viktorvonm.com\/wp-content\/uploads\/2023\/04\/Morriganrw-06-276x276.jpg 276w\" sizes=\"auto, (max-width: 378px) 100vw, 378px\" \/><\/a><\/div><div class='pinhole-item col-xs-12 col-lg-4 col-md-4 col-sm-6  '><a class=\"item-link\" href=\"https:\/\/viktorvonm.com\/wp-content\/uploads\/2023\/04\/Morriganrw-05.jpg\" data-caption=\"[]\" data-meta=\"{&quot;f\\\/6.3&quot;:&quot;Aperture: f\\\/6.3&quot;,&quot;Canon EOS 450D&quot;:&quot;Camera: Canon EOS 450D&quot;,&quot;105mm&quot;:&quot;Focal length: 105mm&quot;,&quot;1\\\/4s&quot;:&quot;Shutter speed: 1\\\/4s&quot;}\"  data-size=\"{&quot;width&quot;:1500,&quot;height&quot;:1000}\" data-download=\"[]\" data-filename=\"{&quot;name&quot;:&quot;&quot;}\"><img loading=\"lazy\" decoding=\"async\" width=\"378\" height=\"378\" src=\"https:\/\/viktorvonm.com\/wp-content\/uploads\/2023\/04\/Morriganrw-05-378x378.jpg\" class=\"attachment-pinhole-col-3-square size-pinhole-col-3-square\" alt=\"\" srcset=\"https:\/\/viktorvonm.com\/wp-content\/uploads\/2023\/04\/Morriganrw-05-378x378.jpg 378w, https:\/\/viktorvonm.com\/wp-content\/uploads\/2023\/04\/Morriganrw-05-150x150.jpg 150w, https:\/\/viktorvonm.com\/wp-content\/uploads\/2023\/04\/Morriganrw-05-582x582.jpg 582w, https:\/\/viktorvonm.com\/wp-content\/uploads\/2023\/04\/Morriganrw-05-276x276.jpg 276w\" sizes=\"auto, (max-width: 378px) 100vw, 378px\" \/><\/a><\/div><div class='pinhole-item col-xs-12 col-lg-4 col-md-4 col-sm-6  '><a class=\"item-link\" href=\"https:\/\/viktorvonm.com\/wp-content\/uploads\/2023\/04\/Morriganrw-17.jpg\" data-caption=\"[]\" data-meta=\"{&quot;f\\\/6.3&quot;:&quot;Aperture: f\\\/6.3&quot;,&quot;Canon EOS 450D&quot;:&quot;Camera: Canon EOS 450D&quot;,&quot;105mm&quot;:&quot;Focal length: 105mm&quot;,&quot;1\\\/4s&quot;:&quot;Shutter speed: 1\\\/4s&quot;}\"  data-size=\"{&quot;width&quot;:1500,&quot;height&quot;:1000}\" data-download=\"[]\" data-filename=\"{&quot;name&quot;:&quot;&quot;}\"><img loading=\"lazy\" decoding=\"async\" width=\"378\" height=\"378\" src=\"https:\/\/viktorvonm.com\/wp-content\/uploads\/2023\/04\/Morriganrw-17-378x378.jpg\" class=\"attachment-pinhole-col-3-square size-pinhole-col-3-square\" alt=\"\" srcset=\"https:\/\/viktorvonm.com\/wp-content\/uploads\/2023\/04\/Morriganrw-17-378x378.jpg 378w, https:\/\/viktorvonm.com\/wp-content\/uploads\/2023\/04\/Morriganrw-17-150x150.jpg 150w, https:\/\/viktorvonm.com\/wp-content\/uploads\/2023\/04\/Morriganrw-17-582x582.jpg 582w, https:\/\/viktorvonm.com\/wp-content\/uploads\/2023\/04\/Morriganrw-17-276x276.jpg 276w\" sizes=\"auto, (max-width: 378px) 100vw, 378px\" \/><\/a><\/div><div class='pinhole-item col-xs-12 col-lg-4 col-md-4 col-sm-6  '><a class=\"item-link\" href=\"https:\/\/viktorvonm.com\/wp-content\/uploads\/2023\/04\/Morriganrw-12.jpg\" data-caption=\"[]\" data-meta=\"{&quot;f\\\/6.3&quot;:&quot;Aperture: f\\\/6.3&quot;,&quot;Canon EOS 450D&quot;:&quot;Camera: Canon EOS 450D&quot;,&quot;105mm&quot;:&quot;Focal length: 105mm&quot;,&quot;1\\\/4s&quot;:&quot;Shutter speed: 1\\\/4s&quot;}\"  data-size=\"{&quot;width&quot;:1500,&quot;height&quot;:1000}\" data-download=\"[]\" data-filename=\"{&quot;name&quot;:&quot;&quot;}\"><img loading=\"lazy\" decoding=\"async\" width=\"378\" height=\"378\" src=\"https:\/\/viktorvonm.com\/wp-content\/uploads\/2023\/04\/Morriganrw-12-378x378.jpg\" class=\"attachment-pinhole-col-3-square size-pinhole-col-3-square\" alt=\"\" srcset=\"https:\/\/viktorvonm.com\/wp-content\/uploads\/2023\/04\/Morriganrw-12-378x378.jpg 378w, https:\/\/viktorvonm.com\/wp-content\/uploads\/2023\/04\/Morriganrw-12-150x150.jpg 150w, https:\/\/viktorvonm.com\/wp-content\/uploads\/2023\/04\/Morriganrw-12-582x582.jpg 582w, https:\/\/viktorvonm.com\/wp-content\/uploads\/2023\/04\/Morriganrw-12-276x276.jpg 276w\" sizes=\"auto, (max-width: 378px) 100vw, 378px\" \/><\/a><\/div><div class='pinhole-item col-xs-12 col-lg-4 col-md-4 col-sm-6  '><a class=\"item-link\" href=\"https:\/\/viktorvonm.com\/wp-content\/uploads\/2023\/04\/Morriganrw-15.jpg\" data-caption=\"[]\" data-meta=\"{&quot;f\\\/6.3&quot;:&quot;Aperture: f\\\/6.3&quot;,&quot;Canon EOS 450D&quot;:&quot;Camera: Canon EOS 450D&quot;,&quot;105mm&quot;:&quot;Focal length: 105mm&quot;,&quot;1\\\/4s&quot;:&quot;Shutter speed: 1\\\/4s&quot;}\"  data-size=\"{&quot;width&quot;:1500,&quot;height&quot;:1000}\" data-download=\"[]\" data-filename=\"{&quot;name&quot;:&quot;&quot;}\"><img loading=\"lazy\" decoding=\"async\" width=\"378\" height=\"378\" src=\"https:\/\/viktorvonm.com\/wp-content\/uploads\/2023\/04\/Morriganrw-15-378x378.jpg\" class=\"attachment-pinhole-col-3-square size-pinhole-col-3-square\" alt=\"\" srcset=\"https:\/\/viktorvonm.com\/wp-content\/uploads\/2023\/04\/Morriganrw-15-378x378.jpg 378w, https:\/\/viktorvonm.com\/wp-content\/uploads\/2023\/04\/Morriganrw-15-150x150.jpg 150w, https:\/\/viktorvonm.com\/wp-content\/uploads\/2023\/04\/Morriganrw-15-582x582.jpg 582w, https:\/\/viktorvonm.com\/wp-content\/uploads\/2023\/04\/Morriganrw-15-276x276.jpg 276w\" sizes=\"auto, (max-width: 378px) 100vw, 378px\" \/><\/a><\/div><div class='pinhole-item col-xs-12 col-lg-4 col-md-4 col-sm-6  '><a class=\"item-link\" href=\"https:\/\/viktorvonm.com\/wp-content\/uploads\/2023\/04\/Morriganrw-10.jpg\" data-caption=\"[]\" data-meta=\"{&quot;f\\\/6.3&quot;:&quot;Aperture: f\\\/6.3&quot;,&quot;Canon EOS 450D&quot;:&quot;Camera: Canon EOS 450D&quot;,&quot;105mm&quot;:&quot;Focal length: 105mm&quot;,&quot;1\\\/4s&quot;:&quot;Shutter speed: 1\\\/4s&quot;}\"  data-size=\"{&quot;width&quot;:1500,&quot;height&quot;:1000}\" data-download=\"[]\" data-filename=\"{&quot;name&quot;:&quot;&quot;}\"><img loading=\"lazy\" decoding=\"async\" width=\"378\" height=\"378\" src=\"https:\/\/viktorvonm.com\/wp-content\/uploads\/2023\/04\/Morriganrw-10-378x378.jpg\" class=\"attachment-pinhole-col-3-square size-pinhole-col-3-square\" alt=\"\" srcset=\"https:\/\/viktorvonm.com\/wp-content\/uploads\/2023\/04\/Morriganrw-10-378x378.jpg 378w, https:\/\/viktorvonm.com\/wp-content\/uploads\/2023\/04\/Morriganrw-10-150x150.jpg 150w, https:\/\/viktorvonm.com\/wp-content\/uploads\/2023\/04\/Morriganrw-10-582x582.jpg 582w, https:\/\/viktorvonm.com\/wp-content\/uploads\/2023\/04\/Morriganrw-10-276x276.jpg 276w\" sizes=\"auto, (max-width: 378px) 100vw, 378px\" \/><\/a><\/div><div class='pinhole-item col-xs-12 col-lg-4 col-md-4 col-sm-6  '><a class=\"item-link\" href=\"https:\/\/viktorvonm.com\/wp-content\/uploads\/2023\/04\/Morriganrw-11.jpg\" data-caption=\"[]\" data-meta=\"{&quot;f\\\/6.3&quot;:&quot;Aperture: f\\\/6.3&quot;,&quot;Canon EOS 450D&quot;:&quot;Camera: Canon EOS 450D&quot;,&quot;105mm&quot;:&quot;Focal length: 105mm&quot;,&quot;1\\\/4s&quot;:&quot;Shutter speed: 1\\\/4s&quot;}\"  data-size=\"{&quot;width&quot;:1500,&quot;height&quot;:1000}\" data-download=\"[]\" data-filename=\"{&quot;name&quot;:&quot;&quot;}\"><img loading=\"lazy\" decoding=\"async\" width=\"378\" height=\"378\" src=\"https:\/\/viktorvonm.com\/wp-content\/uploads\/2023\/04\/Morriganrw-11-378x378.jpg\" class=\"attachment-pinhole-col-3-square size-pinhole-col-3-square\" alt=\"\" srcset=\"https:\/\/viktorvonm.com\/wp-content\/uploads\/2023\/04\/Morriganrw-11-378x378.jpg 378w, https:\/\/viktorvonm.com\/wp-content\/uploads\/2023\/04\/Morriganrw-11-150x150.jpg 150w, https:\/\/viktorvonm.com\/wp-content\/uploads\/2023\/04\/Morriganrw-11-582x582.jpg 582w, https:\/\/viktorvonm.com\/wp-content\/uploads\/2023\/04\/Morriganrw-11-276x276.jpg 276w\" sizes=\"auto, (max-width: 378px) 100vw, 378px\" \/><\/a><\/div><div class='pinhole-item col-xs-12 col-lg-4 col-md-4 col-sm-6  '><a class=\"item-link\" href=\"https:\/\/viktorvonm.com\/wp-content\/uploads\/2023\/04\/Morriganrw-14.jpg\" data-caption=\"[]\" data-meta=\"{&quot;f\\\/6.3&quot;:&quot;Aperture: f\\\/6.3&quot;,&quot;Canon EOS 450D&quot;:&quot;Camera: Canon EOS 450D&quot;,&quot;105mm&quot;:&quot;Focal length: 105mm&quot;,&quot;1\\\/4s&quot;:&quot;Shutter speed: 1\\\/4s&quot;}\"  data-size=\"{&quot;width&quot;:1500,&quot;height&quot;:1000}\" data-download=\"[]\" data-filename=\"{&quot;name&quot;:&quot;&quot;}\"><img loading=\"lazy\" decoding=\"async\" width=\"378\" height=\"378\" src=\"https:\/\/viktorvonm.com\/wp-content\/uploads\/2023\/04\/Morriganrw-14-378x378.jpg\" class=\"attachment-pinhole-col-3-square size-pinhole-col-3-square\" alt=\"\" srcset=\"https:\/\/viktorvonm.com\/wp-content\/uploads\/2023\/04\/Morriganrw-14-378x378.jpg 378w, https:\/\/viktorvonm.com\/wp-content\/uploads\/2023\/04\/Morriganrw-14-150x150.jpg 150w, https:\/\/viktorvonm.com\/wp-content\/uploads\/2023\/04\/Morriganrw-14-582x582.jpg 582w, https:\/\/viktorvonm.com\/wp-content\/uploads\/2023\/04\/Morriganrw-14-276x276.jpg 276w\" sizes=\"auto, (max-width: 378px) 100vw, 378px\" \/><\/a><\/div><div class='pinhole-item col-xs-12 col-lg-4 col-md-4 col-sm-6  '><a class=\"item-link\" href=\"https:\/\/viktorvonm.com\/wp-content\/uploads\/2023\/04\/Morriganrw-13.jpg\" data-caption=\"[]\" data-meta=\"{&quot;f\\\/6.3&quot;:&quot;Aperture: f\\\/6.3&quot;,&quot;Canon EOS 450D&quot;:&quot;Camera: Canon EOS 450D&quot;,&quot;105mm&quot;:&quot;Focal length: 105mm&quot;,&quot;1\\\/4s&quot;:&quot;Shutter speed: 1\\\/4s&quot;}\"  data-size=\"{&quot;width&quot;:1500,&quot;height&quot;:1000}\" data-download=\"[]\" data-filename=\"{&quot;name&quot;:&quot;&quot;}\"><img loading=\"lazy\" decoding=\"async\" width=\"378\" height=\"378\" src=\"https:\/\/viktorvonm.com\/wp-content\/uploads\/2023\/04\/Morriganrw-13-378x378.jpg\" class=\"attachment-pinhole-col-3-square size-pinhole-col-3-square\" alt=\"\" srcset=\"https:\/\/viktorvonm.com\/wp-content\/uploads\/2023\/04\/Morriganrw-13-378x378.jpg 378w, https:\/\/viktorvonm.com\/wp-content\/uploads\/2023\/04\/Morriganrw-13-150x150.jpg 150w, https:\/\/viktorvonm.com\/wp-content\/uploads\/2023\/04\/Morriganrw-13-582x582.jpg 582w, https:\/\/viktorvonm.com\/wp-content\/uploads\/2023\/04\/Morriganrw-13-276x276.jpg 276w\" sizes=\"auto, (max-width: 378px) 100vw, 378px\" \/><\/a><\/div><div class='pinhole-item col-xs-12 col-lg-4 col-md-4 col-sm-6  '><a class=\"item-link\" href=\"https:\/\/viktorvonm.com\/wp-content\/uploads\/2023\/04\/Morriganrw-08.jpg\" data-caption=\"[]\" data-meta=\"{&quot;f\\\/6.3&quot;:&quot;Aperture: f\\\/6.3&quot;,&quot;Canon EOS 450D&quot;:&quot;Camera: Canon EOS 450D&quot;,&quot;105mm&quot;:&quot;Focal length: 105mm&quot;,&quot;1\\\/4s&quot;:&quot;Shutter speed: 1\\\/4s&quot;}\"  data-size=\"{&quot;width&quot;:1500,&quot;height&quot;:1000}\" data-download=\"[]\" data-filename=\"{&quot;name&quot;:&quot;&quot;}\"><img loading=\"lazy\" decoding=\"async\" width=\"378\" height=\"378\" src=\"https:\/\/viktorvonm.com\/wp-content\/uploads\/2023\/04\/Morriganrw-08-378x378.jpg\" class=\"attachment-pinhole-col-3-square size-pinhole-col-3-square\" alt=\"\" srcset=\"https:\/\/viktorvonm.com\/wp-content\/uploads\/2023\/04\/Morriganrw-08-378x378.jpg 378w, https:\/\/viktorvonm.com\/wp-content\/uploads\/2023\/04\/Morriganrw-08-150x150.jpg 150w, https:\/\/viktorvonm.com\/wp-content\/uploads\/2023\/04\/Morriganrw-08-582x582.jpg 582w, https:\/\/viktorvonm.com\/wp-content\/uploads\/2023\/04\/Morriganrw-08-276x276.jpg 276w\" sizes=\"auto, (max-width: 378px) 100vw, 378px\" \/><\/a><\/div><div class='pinhole-item col-xs-12 col-lg-4 col-md-4 col-sm-6  '><a class=\"item-link\" href=\"https:\/\/viktorvonm.com\/wp-content\/uploads\/2023\/04\/Morriganrw-16.jpg\" data-caption=\"[]\" data-meta=\"{&quot;f\\\/6.3&quot;:&quot;Aperture: f\\\/6.3&quot;,&quot;Canon EOS 450D&quot;:&quot;Camera: Canon EOS 450D&quot;,&quot;105mm&quot;:&quot;Focal length: 105mm&quot;,&quot;1\\\/4s&quot;:&quot;Shutter speed: 1\\\/4s&quot;}\"  data-size=\"{&quot;width&quot;:1500,&quot;height&quot;:1000}\" data-download=\"[]\" data-filename=\"{&quot;name&quot;:&quot;&quot;}\"><img loading=\"lazy\" decoding=\"async\" width=\"378\" height=\"378\" src=\"https:\/\/viktorvonm.com\/wp-content\/uploads\/2023\/04\/Morriganrw-16-378x378.jpg\" class=\"attachment-pinhole-col-3-square size-pinhole-col-3-square\" alt=\"\" srcset=\"https:\/\/viktorvonm.com\/wp-content\/uploads\/2023\/04\/Morriganrw-16-378x378.jpg 378w, https:\/\/viktorvonm.com\/wp-content\/uploads\/2023\/04\/Morriganrw-16-150x150.jpg 150w, https:\/\/viktorvonm.com\/wp-content\/uploads\/2023\/04\/Morriganrw-16-582x582.jpg 582w, https:\/\/viktorvonm.com\/wp-content\/uploads\/2023\/04\/Morriganrw-16-276x276.jpg 276w\" sizes=\"auto, (max-width: 378px) 100vw, 378px\" \/><\/a><\/div><div class='pinhole-item col-xs-12 col-lg-4 col-md-4 col-sm-6  '><a class=\"item-link\" href=\"https:\/\/viktorvonm.com\/wp-content\/uploads\/2023\/04\/Morriganrw-04.jpg\" data-caption=\"[]\" data-meta=\"{&quot;f\\\/6.3&quot;:&quot;Aperture: f\\\/6.3&quot;,&quot;Canon EOS 450D&quot;:&quot;Camera: Canon EOS 450D&quot;,&quot;105mm&quot;:&quot;Focal length: 105mm&quot;,&quot;1\\\/4s&quot;:&quot;Shutter speed: 1\\\/4s&quot;}\"  data-size=\"{&quot;width&quot;:1500,&quot;height&quot;:1000}\" data-download=\"[]\" data-filename=\"{&quot;name&quot;:&quot;&quot;}\"><img loading=\"lazy\" decoding=\"async\" width=\"378\" height=\"378\" src=\"https:\/\/viktorvonm.com\/wp-content\/uploads\/2023\/04\/Morriganrw-04-378x378.jpg\" class=\"attachment-pinhole-col-3-square size-pinhole-col-3-square\" alt=\"\" srcset=\"https:\/\/viktorvonm.com\/wp-content\/uploads\/2023\/04\/Morriganrw-04-378x378.jpg 378w, https:\/\/viktorvonm.com\/wp-content\/uploads\/2023\/04\/Morriganrw-04-150x150.jpg 150w, https:\/\/viktorvonm.com\/wp-content\/uploads\/2023\/04\/Morriganrw-04-582x582.jpg 582w, https:\/\/viktorvonm.com\/wp-content\/uploads\/2023\/04\/Morriganrw-04-276x276.jpg 276w\" sizes=\"auto, (max-width: 378px) 100vw, 378px\" \/><\/a><\/div><div class='pinhole-item col-xs-12 col-lg-4 col-md-4 col-sm-6  '><a class=\"item-link\" href=\"https:\/\/viktorvonm.com\/wp-content\/uploads\/2023\/04\/Morriganrw-01.jpg\" data-caption=\"[]\" data-meta=\"{&quot;f\\\/6.3&quot;:&quot;Aperture: f\\\/6.3&quot;,&quot;Canon EOS 450D&quot;:&quot;Camera: Canon EOS 450D&quot;,&quot;105mm&quot;:&quot;Focal length: 105mm&quot;,&quot;1\\\/3s&quot;:&quot;Shutter speed: 1\\\/3s&quot;}\"  data-size=\"{&quot;width&quot;:1500,&quot;height&quot;:1000}\" data-download=\"[]\" data-filename=\"{&quot;name&quot;:&quot;&quot;}\"><img loading=\"lazy\" decoding=\"async\" width=\"378\" height=\"378\" src=\"https:\/\/viktorvonm.com\/wp-content\/uploads\/2023\/04\/Morriganrw-01-378x378.jpg\" class=\"attachment-pinhole-col-3-square size-pinhole-col-3-square\" alt=\"\" srcset=\"https:\/\/viktorvonm.com\/wp-content\/uploads\/2023\/04\/Morriganrw-01-378x378.jpg 378w, https:\/\/viktorvonm.com\/wp-content\/uploads\/2023\/04\/Morriganrw-01-150x150.jpg 150w, https:\/\/viktorvonm.com\/wp-content\/uploads\/2023\/04\/Morriganrw-01-582x582.jpg 582w, https:\/\/viktorvonm.com\/wp-content\/uploads\/2023\/04\/Morriganrw-01-276x276.jpg 276w\" sizes=\"auto, (max-width: 378px) 100vw, 378px\" \/><\/a><\/div>\n\t\t<\/div>\n","protected":false},"excerpt":{"rendered":"<p>\u201cI will attack thee,\u201d said she, \u201cin the shape of a hornless red heifer at the head of the cattle, so that they will overwhelm thee on the waters and fords and pools and thou wilt not see me before thee.\u201d Morrigan to Cuchulain &#8211; T\u00e1in B\u00f3 C\u00faailnge Morrigan is a bust from Big Child [&hellip;]<\/p>\n","protected":false},"author":1,"featured_media":1726,"parent":840,"menu_order":0,"comment_status":"closed","ping_status":"closed","template":"template-galleries.php","meta":{"_monsterinsights_skip_tracking":false,"_monsterinsights_sitenote_active":false,"_monsterinsights_sitenote_note":"","_monsterinsights_sitenote_category":0,"footnotes":""},"class_list":["post-1744","page","type-page","status-publish","has-post-thumbnail","hentry"],"_links":{"self":[{"href":"https:\/\/viktorvonm.com\/index.php\/wp-json\/wp\/v2\/pages\/1744","targetHints":{"allow":["GET"]}}],"collection":[{"href":"https:\/\/viktorvonm.com\/index.php\/wp-json\/wp\/v2\/pages"}],"about":[{"href":"https:\/\/viktorvonm.com\/index.php\/wp-json\/wp\/v2\/types\/page"}],"author":[{"embeddable":true,"href":"https:\/\/viktorvonm.com\/index.php\/wp-json\/wp\/v2\/users\/1"}],"replies":[{"embeddable":true,"href":"https:\/\/viktorvonm.com\/index.php\/wp-json\/wp\/v2\/comments?post=1744"}],"version-history":[{"count":1,"href":"https:\/\/viktorvonm.com\/index.php\/wp-json\/wp\/v2\/pages\/1744\/revisions"}],"predecessor-version":[{"id":1745,"href":"https:\/\/viktorvonm.com\/index.php\/wp-json\/wp\/v2\/pages\/1744\/revisions\/1745"}],"up":[{"embeddable":true,"href":"https:\/\/viktorvonm.com\/index.php\/wp-json\/wp\/v2\/pages\/840"}],"wp:featuredmedia":[{"embeddable":true,"href":"https:\/\/viktorvonm.com\/index.php\/wp-json\/wp\/v2\/media\/1726"}],"wp:attachment":[{"href":"https:\/\/viktorvonm.com\/index.php\/wp-json\/wp\/v2\/media?parent=1744"}],"curies":[{"name":"wp","href":"https:\/\/api.w.org\/{rel}","templated":true}]}}